{"id":10342,"date":"2019-12-18T14:28:08","date_gmt":"2019-12-18T14:28:08","guid":{"rendered":"https:\/\/soleco.de\/?page_id=10342"},"modified":"2021-03-24T11:26:57","modified_gmt":"2021-03-24T11:26:57","slug":"ppa","status":"publish","type":"page","link":"https:\/\/soleco.de\/index.php\/ppa\/","title":{"rendered":"PPA"},"content":{"rendered":"<p>[vc_row][vc_column][vc_empty_space height=&#8220;120px&#8220;][\/vc_column][\/vc_row][vc_row][vc_column][vc_column_text]<\/p>\n<div class=\"page\" title=\"Page 1\">\n<div class=\"layoutArea\">\n<div class=\"column\">\n<h3>Was ist ein PPA?<\/h3>\n<p>Die Abk\u00fcrzung PPA steht f\u00fcr den englischen Begriff \u201ePower Purchase Agreement\u201c und bedeutet im Deutschen \u201eStromabnahmevertrag\u201c. In einem PPA wird die Verg\u00fctungsregelung des EEG (Erneuerbare-Energien-Gesetz) durch einen frei verhandelbaren Preis je KW\/h ersetzt. Die durch die Politik festgelegten Preise f\u00fcr Strom aus erneuerbaren Energien (F\u00f6rders\u00e4tze) bilden sich nunmehr durch den Abschluss von Stromkaufvertr\u00e4gen zu Marktpreisen.<\/p>\n<p>Ein PPA ist inhaltlich nicht standardisiert, daher ist es wichtig, die Vertragsbestandteile und Konditionen exakt zu definieren. Die Vertragsinhalte sollten durch eine Wirtschaftlichkeitsberechnung unterlegt sein, die s\u00e4mtliche Eventualit\u00e4ten ber\u00fccksichtigt. Nur so k\u00f6nnen Verluste und eine Unwirtschaftlichkeit des Projektes vermieden werden, da die Vertr\u00e4ge in aller Regel sehr langfristig (z.B. \u00fcber 20 Jahre) abgeschlossen werden.<\/p>\n<\/div>\n<\/div>\n<\/div>\n<p>[\/vc_column_text][vc_btn title=&#8220;Kontakt mit Soleco aufnehmen&#8220; style=&#8220;flat&#8220; align=&#8220;center&#8220; link=&#8220;url:https%3A%2F%2Fsoleco.de%2Findex.php%2Fkontakt%2F|title:Kontakt||&#8220;][vc_separator el_width=&#8220;40&#8243;][vc_column_text]<\/p>\n<div class=\"page\" title=\"Page 1\">\n<div class=\"layoutArea\">\n<div class=\"column\">\n<div class=\"page\" title=\"Page 1\">\n<div class=\"layoutArea\">\n<div class=\"column\">\n<p>Als PPA werden Stromliefervertr\u00e4ge bezeichnet, z. B. Kaufvertr\u00e4ge f\u00fcr \u00d6kostrom, PPAs f\u00fcr Unternehmen oder erneuerbare PPAs. Einfach ausgedr\u00fcckt handelt es sich um langfristige Stromliefervertr\u00e4ge, in denen ein fester Strompreis vereinbart ist.<\/p>\n<\/div>\n<div class=\"page\" title=\"Page 1\">\n<div class=\"layoutArea\">\n<div class=\"column\">\n<h3>Vorteile eines PPA<\/h3>\n<div class=\"page\" title=\"Page 1\">\n<div class=\"layoutArea\">\n<div class=\"column\">\n<ul>\n<li>PPAs k\u00f6nnen langfristig Strom zu oder unter dem aktuellen Gro\u00dfhandelspreis liefern<\/li>\n<li>Der Preis kann sowohl aus fixen als auch aus variablen Bestandteilen bestehen.Dadurch wird eine hohe Planungssicherheit f\u00fcr die Installation einerPhotovoltaikanlage erreicht<\/li>\n<li>Die Preise f\u00fcr traditionelle Energiequellen schwanken zeitweise sehr stark. Kaufvertr\u00e4ge (PPAs) f\u00fcr erneuerbare Energien tragen zur Stabilisierung des Strompreises bei, indem sie die Strompreise f\u00fcr 10 bis 20 Jahre festlegen<\/li>\n<li>Der Kauf von \u00d6kostrom tr\u00e4gt dazu bei, dass neue Anlagen zur Erzeugung erneuerbarer Energie gebaut werden und damit einen wesentlichen Beitrag zur CO2 Vermeidung leisten<\/li>\n<li>Unternehmen betonen ihr umweltfreundliches Profil durch eine vollst\u00e4ndige Versorgung mit \u00d6kostrom<\/li>\n<\/ul>\n<\/div>\n<p>&nbsp;<\/p>\n<\/div>\n<\/div>\n<\/div>\n<\/div>\n<\/div>\n<\/div>\n<\/div>\n<\/div>\n<\/div>\n<\/div>\n<p>[\/vc_column_text][vc_separator el_width=&#8220;40&#8243;][vc_column_text]<\/p>\n<div class=\"page\" title=\"Page 2\">\n<div class=\"layoutArea\">\n<div class=\"column\">\n<h3>Marktg\u00e4ngige Auspr\u00e4gungen von PPAs<\/h3>\n<p>In einem \u201e<strong>Physical PPA<\/strong>\u201c wird die physikalische Lieferung der Energiemenge \u00fcber das Bilanzkreissystem mittels der Stromnetze geregelt. Der Vertrag kann mit einem Energieversorger und\/oder Stromvermarkter abgeschlossen werden (\u201e<strong>Utility PPA<\/strong>\u201c) oder mit einem Industrieunternehmen als direktem Abnehmer (\u201e<strong>Corporate PPA<\/strong>\u201c).<\/p>\n<p>Einen Sonderfall stellt ein PPA zur finanziellen Absicherung des Strompreises \u00fcber die Stromb\u00f6rse dar (\u201e<strong>Financial PPA<\/strong>\u201c). In diesem Fall wird keine physikalische \u00dcbertragung der Strommenge im PPA geregelt, sondern lediglich die finanziellen Konditionen vereinbart, die einen kalkulierbaren Strompreis \u00fcber die gesamte Lieferzeit sichern.<\/p>\n<\/div>\n<\/div>\n<\/div>\n<p>[\/vc_column_text][vc_separator el_width=&#8220;40&#8243;][vc_column_text]<\/p>\n<div class=\"page\" title=\"Page 2\">\n<div class=\"layoutArea\">\n<div class=\"column\">\n<h3>Notwendigkeit von PPAs?<\/h3>\n<p>Das Stromeinspeisungsgesetz wurde am 29. M\u00e4rz 2000 durch das Erneuerbare-Energien- Gesetz ersetzt. Die in Deutschland auf 20 Jahre begrenzte F\u00f6rderung l\u00e4uft dementsprechend im Jahr 2020 aus. Durch das Erreichen der sogenannten \u201eMarktparit\u00e4t\u201c (Stromgestehungskosten erneuerbarer Energietr\u00e4ger f\u00fchren nicht mehr zu h\u00f6heren Preisen im Vergleich zu konventioneller Stromproduktion) wird eine weitere gesetzliche F\u00f6rderung obsolet. PPAs ersetzen zum Zeitpunkt des F\u00f6rderungsendes die bisherige Verg\u00fctungsregelung und sichern damit, dass Bestandsanlagen auch in Zukunft weiter wirtschaftlich betrieben werden k\u00f6nnen.<\/p>\n<p>Wesentliche Vertragsinhalte, die in einem PPA geregelt werden sollten:<\/p>\n<ul>\n<li>Menge der Stromlieferung<\/li>\n<li>Versorgungsunterbrechung<\/li>\n<li>Strompreis<\/li>\n<li>Vertragsbeginn<\/li>\n<li>Vertragsdauer<\/li>\n<li>Vertragsende \/ Vertragsanpassung<\/li>\n<li>Energiewirtschaftliche Pflichten<\/li>\n<li>Versicherung<\/li>\n<li>Sicherheiten<\/li>\n<li>Rechtsnachfolge<\/li>\n<\/ul>\n<\/div>\n<\/div>\n<\/div>\n<p>[\/vc_column_text][vc_separator el_width=&#8220;40&#8243;][vc_column_text]<\/p>\n<div class=\"page\" title=\"Page 2\">\n<div class=\"layoutArea\">\n<div class=\"column\">\n<h3>Was kann Soleco f\u00fcr Sie tun?<\/h3>\n<p>Soleco bildet das Bindeglied zwischen Projektentwicklung und technischem Anlagenbau. Aus der engen Zusammenarbeit mit namhaften Generalunternehmern der Solarbranche kennen wir die zentralen Kriterien beim Bau von Photovoltaikanlagen.<\/p>\n<p>Zus\u00e4tzlich k\u00f6nnen wir als neutrale dritte Partei die Interessen beider Vertragspartner in Einklang bringen und f\u00fcr beide Seiten ein optimales Ergebnis ausarbeiten.<br \/>\nWenn Sie mehr wissen m\u00f6chten, wenden Sie sich an unser erfahrenes PPA-Team, um zu besprechen, wie Soleco Ihrem Unternehmen \/ Projekt helfen kann, Kosten zu senken und einen \u00f6konomischen Vorteil aus dem gr\u00fcnen Image von Photovoltaikstrom im Rahmen von PPA Vertr\u00e4gen zu realisieren.<\/p>\n<\/div>\n<\/div>\n<\/div>\n<p>[\/vc_column_text][vc_separator el_width=&#8220;40&#8243;][vc_btn title=&#8220;Kontakt mit Soleco aufnehmen&#8220; style=&#8220;flat&#8220; align=&#8220;center&#8220; link=&#8220;url:https%3A%2F%2Fsoleco.de%2Findex.php%2Fkontakt%2F|title:Kontakt||&#8220;][vc_empty_space height=&#8220;120px&#8220;][vc_separator el_width=&#8220;40&#8243;][vc_column_text]<\/p>\n<p style=\"text-align: center;\">Haben Sie weitere Fragen, die hier nicht genannt wurden? Schreiben Sie uns Ihr Anliegen: <a href=\"mailto:info@soleco.de\">info@soleco.de<\/a><\/p>\n<p style=\"text-align: center;\"><strong>Soleco GmbH<\/strong><br \/>\nAnsprechpartner FAQ \u2013 Michael Klippel<\/p>\n<p style=\"text-align: center;\">Bruno-Hirschfeld-Stra\u00dfe. 9 56076 Koblenz<\/p>\n<p style=\"text-align: center;\">Otto-Hahn-Stra\u00dfe. 33 54516 Wittlich<\/p>\n<p>[\/vc_column_text][\/vc_column][\/vc_row]<\/p>\n","protected":false},"excerpt":{"rendered":"<p>[vc_row][vc_column][vc_empty_space height=&#8220;120px&#8220;][\/vc_column][\/vc_row][vc_row][vc_column][vc_column_text] Was ist ein PPA? Die Abk\u00fcrzung PPA steht f\u00fcr den englischen Begriff \u201ePower Purchase Agreement\u201c und bedeutet im Deutschen \u201eStromabnahmevertrag\u201c. In einem PPA wird die Verg\u00fctungsregelung des EEG (Erneuerbare-Energien-Gesetz) durch einen frei verhandelbaren Preis je KW\/h ersetzt. Die durch die Politik festgelegten Preise f\u00fcr Strom aus erneuerbaren Energien (F\u00f6rders\u00e4tze) bilden sich nunmehr durch [&hellip;]<\/p>\n","protected":false},"author":1,"featured_media":0,"parent":0,"menu_order":0,"comment_status":"closed","ping_status":"closed","template":"","meta":{"footnotes":""},"class_list":["post-10342","page","type-page","status-publish","hentry"],"_links":{"self":[{"href":"https:\/\/soleco.de\/index.php\/wp-json\/wp\/v2\/pages\/10342","targetHints":{"allow":["GET"]}}],"collection":[{"href":"https:\/\/soleco.de\/index.php\/wp-json\/wp\/v2\/pages"}],"about":[{"href":"https:\/\/soleco.de\/index.php\/wp-json\/wp\/v2\/types\/page"}],"author":[{"embeddable":true,"href":"https:\/\/soleco.de\/index.php\/wp-json\/wp\/v2\/users\/1"}],"replies":[{"embeddable":true,"href":"https:\/\/soleco.de\/index.php\/wp-json\/wp\/v2\/comments?post=10342"}],"version-history":[{"count":5,"href":"https:\/\/soleco.de\/index.php\/wp-json\/wp\/v2\/pages\/10342\/revisions"}],"predecessor-version":[{"id":10545,"href":"https:\/\/soleco.de\/index.php\/wp-json\/wp\/v2\/pages\/10342\/revisions\/10545"}],"wp:attachment":[{"href":"https:\/\/soleco.de\/index.php\/wp-json\/wp\/v2\/media?parent=10342"}],"curies":[{"name":"wp","href":"https:\/\/api.w.org\/{rel}","templated":true}]}}